it of 5486?
6
What is the units digit of 832?
2
What is the thousands digit of 2084?
2
What is the tens digit of 1084?
8
What is the tens digit of 39659?
5
What is the tens digit of 635?
3
What is the thousands digit of 2817?
2
What is the thousands digit of 37805?
7
What is the thousands digit of 4182?
4
What is the thousands digit of 7170?
7
What is the tens digit of 29353?
5
What is the units digit of 24760?
0
What is the tens digit of 90853?
5
What is the thousands digit of 33308?
3
What is the units digit of 75904?
4
What is the hundreds digit of 8666?
6
What is the ten thousands digit of 32624?
3
What is the tens digit of 333?
3
What is the thousands digit of 49230?
9
What is the units digit of 5585?
5
What is the units digit of 9088?
8
What is the thousands digit of 4686?
4
What is the hundreds digit of 965?
9
What is the thousands digit of 10819?
0
What is the tens digit of 3327?
2
What is the units digit of 869?
9
What is the tens digit of 685?
8
What is the units digit of 88862?
2
What is the tens digit of 1399?
9
What is the tens digit of 1155?
5
What is the units digit of 4157?
7
What is the tens digit of 15?
1
What is the tens digit of 2099?
9
What is the ten thousands digit of 21175?
2
What is the tens digit of 25363?
6
What is the units digit of 71066?
6
What is the tens digit of 6486?
8
What is the thousands digit of 39967?
9
What is the tens digit of 17626?
2
What is the tens digit of 319?
1
What is the thousands digit of 2627?
2
What is the units digit of 5559?
9
What is the thousands digit of 16630?
6
What is the tens digit of 65236?
3
What is the tens digit of 2249?
4
What is the tens digit of 129?
2
What is the hundreds digit of 580?
5
What is the thousands digit of 3461?
3
What is the hundreds digit of 1356?
3
What is the thousands digit of 1723?
1
What is the units digit of 3794?
4
What is the thousands digit of 7972?
7
What is the tens digit of 10854?
5
What is the units digit of 37399?
9
What is the thousands digit of 114146?
4
What is the thousands digit of 18293?
8
What is the tens digit of 1299?
9
What is the tens digit of 38235?
3
What is the tens digit of 4366?
6
What is the hundreds digit of 13923?
9
What is the tens digit of 21357?
5
What is the thousands digit of 10396?
0
What is the tens digit of 1307?
0
What is the thousands digit of 1615?
1
What is the ten thousands digit of 29168?
2
What is the hundreds digit of 172?
1
What is the tens digit of 1080?
8
What is the units digit of 27446?
6
What is the units digit of 26926?
6
What is the units digit of 27319?
9
What is the thousands digit of 3974?
3
What is the hundreds digit of 3047?
0
What is the hundreds digit of 556?
5
What is the thousands digit of 4918?
4
What is the hundreds digit of 3921?
9
What is the hundreds digit of 171?
1
What is the thousands digit of 81299?
1
What is the thousands digit of 4969?
4
What is the hundreds digit of 2957?
9
What is the units digit of 1915?
5
What is the tens digit of 632?
3
What is the units digit of 255?
5
What is the thousands digit of 36581?
6
What is the units digit of 883?
3
What is the tens digit of 3276?
7
What is the thousands digit of 1042?
1
What is the tens digit of 5326?
2
What is the tens digit of 15946?
4
What is the units digit of 301?
1
What is the units digit of 8070?
0
What is the tens digit of 21247?
4
What is the hundreds digit of 675?
6
What is the hundreds digit of 5305?
3
What is the hundreds digit of 1876?
8
What is the thousands digit of 34439?
4
What is the hundreds digit of 5893?
8
What is the ten thousands digit of 24685?
2
What is the hundreds digit of 3053?
0
What is the hundreds digit of 5975?
9
What is the hundred thousands digit of 165092?
1
What is the thousands digit of 11777?
1
What is the units digit of 8217?
7
What is the tens digit of 9846?
4
What is the units digit of 1320?
0
What is the tens digit of 12592?
9
What is the units digit of 1446?
6
What is the units digit of 865?
5
What is the ten thousands digit of 31468?
3
What is the units digit of 393?
3
What is the tens digit of 11059?
5
What is the units digit of 842?
2
What is the thousands digit of 133403?
3
What is the hundreds digit of 63242?
2
What is the hundreds digit of 8169?
1
What is the tens digit of 31504?
0
What is the tens digit of 1211?
1
What is the thousands digit of 4827?
4
What is the thousands digit of 62968?
2
What is the ten thousands digit of 10443?
1
What is the hundreds digit of 16647?
6
What is the ten thousands digit of 68432?
6
What is the thousands digit of 3472?
3
What is the thousands digit of 81491?
1
What is the units digit of 998?
8
What is the units digit of 4172?
2
What is the ten thousands digit of 28600?
2
What is the thousands digit of 1239?
1
What is the units digit of 16574?
4
What is the units digit of 1026?
6
What is the tens digit of 109845?
4
What is the tens digit of 77710?
1
What is the thousands digit of 46231?
6
What is the thousands digit of 26188?
6
What is the units digit of 1220?
0
What is the units digit of 3976?
6
What is the units digit of 29562?
2
What is the hundreds digit of 235?
2
What is the thousands digit of 3732?
3
What is the units digit of 291?
1
What is the thousands digit of 9402?
9
What is the thousands digit of 1340?
1
What is the thousands digit of 73405?
3
What is the hundreds digit of 894?
8
What is the hundreds digit of 2012?
0
What is the tens digit of 344?
4
What is the thousands digit of 44461?
4
What is the units digit of 646?
6
What is the units digit of 7618?
8
What is the thousands digit of 1029?
1
What is the tens digit of 7943?
4
What is the hundreds digit of 9522?
5
What is the thousands digit of 3721?
3
What is the units digit of 3?
3
What is the ten thousands digit of 35001?
3
What is the thousands digit of 3468?
3
What is the thousands digit of 35817?
5
What is the hundreds digit of 57630?
6
What is the units digit of 65743?
3
What is the hundreds digit of 525?
5
What is the tens digit of 2066?
6
What is the units digit of 837?
7
What is the thousands digit of 74173?
4
What is the tens digit of 1475?
7
What is the hundreds digit of 5857?
8
What is the thousands digit of 140139?
0
What is the hundreds digit of 49288?
2
What is the tens digit of 6375?
7
What is the units digit of 2622?
2
What is the tens digit of 2221?
2
What is the hundreds digit of 83024?
0
What is the units digit of 1967?
7
What is the hundreds digit of 959?
9
What is the units digit of 49?
9
What is the tens digit of 17945?
4
What is the thousands digit of 1281?
1
What is the tens digit of 723?
2
What is the tens digit of 943?
4
What is the hundreds digit of 29105?
1
What is the units digit of 34829?
9
What is the tens digit of 11198?
9
What is the tens digit of 620?
2
What is the tens digit of 74393?
9
What is the units digit of 28?
8
What is the units digit of 160?
0
What is the tens digit of 17805?
0
What is the tens digit of 122957?
5
What is the tens digit of 825?
2
What is the tens digit of 13221?
2
What is the hundreds digit of 11802?
8
What is the hundreds digit of 236?
2
What is the units digit of 52945?
5
What is the units digit of 4014?
4
What is the ten thousands digit of 28807?
2
What is the ten thousands digit of 28372?
2
What is the units digit of 1109?
9
What is the hundreds digit of 576?
5
What is the tens digit of 1583?
8
What is the hundreds digit of 701?
7
What is the hundreds digit of 1409?
4
What is the ten thousands digit of 34339?
3
What is the hundreds digit of 108228?
2
What is the units digit of 268?
8
What is the units digit of 678?
8
What is the hundreds digit of 20469?
4
What is the hundreds digit of 472?
4
What is the thousands digit of 10354?
0
What is the thousands digit of 1183?
1
What is the hundreds digit of 5844?
8
What is the hundreds digit of 257?
2
What is the hundred thousands digit of 114089?
1
What is the hundred thousands digit of 131093?
1
What is the units digit of 1726?
6
What is the ten thousands digit of 24526?
2
What is the thousands digit of 2887?
2
What is the hundreds digit of 1891?
8
What is the hundreds digit of 8823?
8
What is the tens digit of 23939?
3
What is the units digit of 6440?
0
What is the thousands digit of 45791?
5
What is the units digit of 60234?
4
What is the tens digit of 1067?
6
What is the tens 